prime factors of 786333.
3, 262111
What are the prime factors of 301546?
2, 7, 17, 181
List the prime factors of 149514.
2, 3, 24919
What are the prime factors of 4872922?
2, 487, 5003
What are the prime factors of 11501719?
29, 613, 647
List the prime factors of 295062.
2, 3, 49177
What are the prime factors of 1358004?
2, 3, 113167
List the prime factors of 3303964.
2, 825991
List the prime factors of 13774401.
3, 23, 41, 541
What are the prime factors of 193728?
2, 3, 1009
List the prime factors of 9469121.
9469121
List the prime factors of 8348140.
2, 5, 47, 83, 107
List the prime factors of 731205.
3, 5, 16249
List the prime factors of 98417.
11, 23, 389
List the prime factors of 4230336.
2, 3, 11, 2003
List the prime factors of 13686796.
2, 3421699
What are the prime factors of 244141?
244141
List the prime factors of 1341049.
461, 2909
What are the prime factors of 192687?
3, 11, 5839
What are the prime factors of 440894?
2, 220447
What are the prime factors of 192654?
2, 3, 7, 11, 139
List the prime factors of 205252.
2, 23, 97
What are the prime factors of 320664?
2, 3, 31, 431
What are the prime factors of 25401349?
17, 1494197
List the prime factors of 4851163.
4851163
What are the prime factors of 11334780?
2, 3, 5, 62971
What are the prime factors of 1928419?
1928419
List the prime factors of 6131246.
2, 11, 229, 1217
What are the prime factors of 22039277?
13, 1695329
What are the prime factors of 2884058?
2, 263, 5483
List the prime factors of 804219.
3, 13, 17, 1213
List the prime factors of 2904309.
3, 263, 409
What are the prime factors of 1692861?
3, 37, 101, 151
What are the prime factors of 2446406?
2, 1223203
List the prime factors of 660101.
13, 50777
List the prime factors of 581944.
2, 11, 17, 389
List the prime factors of 1185113.
1185113
List the prime factors of 229247.
229247
List the prime factors of 5497375.
5, 13, 17, 199
What are the prime factors of 6299803?
6299803
List the prime factors of 35185.
5, 31, 227
List the prime factors of 1537502.
2, 768751
What are the prime factors of 44660?
2, 5, 7, 11, 29
What are the prime factors of 121416?
2, 3, 5059
What are the prime factors of 4921508?
2, 1230377
List the prime factors of 84859.
84859
What are the prime factors of 29166?
2, 3, 4861
What are the prime factors of 408555?
3, 5, 7, 1297
List the prime factors of 558828.
2, 3, 19, 43
List the prime factors of 2100351.
3, 11, 63647
What are the prime factors of 586509?
3, 7, 11, 2539
What are the prime factors of 7833434?
2, 7, 19, 601
List the prime factors of 179990.
2, 5, 41, 439
List the prime factors of 934130.
2, 5, 109, 857
What are the prime factors of 30400407?
3, 1125941
What are the prime factors of 7050326?
2, 1511, 2333
List the prime factors of 133064.
2, 16633
What are the prime factors of 2143611?
3, 79393
List the prime factors of 372971.
372971
List the prime factors of 91271.
107, 853
What are the prime factors of 1369721?
47, 151, 193
List the prime factors of 4952621.
431, 11491
List the prime factors of 18101141.
17, 59, 18047
List the prime factors of 16386282.
2, 3, 11, 82759
What are the prime factors of 11998595?
5, 7, 19, 18043
What are the prime factors of 4991990?
2, 5, 59, 8461
What are the prime factors of 1651861?
1651861
What are the prime factors of 3117043?
3117043
What are the prime factors of 121043?
13, 9311
What are the prime factors of 14313164?
2, 59, 60649
List the prime factors of 15910.
2, 5, 37, 43
List the prime factors of 322749.
3, 7, 47, 109
What are the prime factors of 2954095?
5, 590819
What are the prime factors of 6987205?
5, 1397441
List the prime factors of 95411.
73, 1307
List the prime factors of 525473.
13, 83, 487
What are the prime factors of 2369153?
53, 44701
List the prime factors of 5197753.
11, 472523
What are the prime factors of 28008640?
2, 5, 11, 73, 109
List the prime factors of 542195.
5, 108439
What are the prime factors of 346742?
2, 11, 15761
What are the prime factors of 7291536?
2, 3, 7, 21701
List the prime factors of 439720.
2, 5, 10993
What are the prime factors of 4868510?
2, 5, 439, 1109
What are the prime factors of 493613?
31, 15923
What are the prime factors of 83558?
2, 41, 1019
List the prime factors of 460844.
2, 115211
List the prime factors of 19124.
2, 7, 683
List the prime factors of 175669.
13, 13513
List the prime factors of 654177.
3, 17, 101, 127
List the prime factors of 158176.
2, 4943
What are the prime factors of 281199?
3, 67, 1399
List the prime factors of 6328831.
6328831
List the prime factors of 283303.
283303
List the prime factors of 291662.
2, 7, 83, 251
What are the prime factors of 55093?
37, 1489
What are the prime factors of 1519399?
7, 217057
List the prime factors of 169165.
5, 23, 1471
What are the prime factors of 4836018?
2, 3, 11, 47, 1559
What are the prime factors of 2947127?
2947127
List the prime factors of 11512403.
7, 234947
List the prime factors of 30275953.
37, 151, 5419
What are the prime factors of 391512?
2, 3, 11, 1483
What are the prime factors of 6382867?
6382867
List the prime factors of 12096476.
2, 7, 41, 257
List the prime factors of 24841.
24841
List the prime factors of 1140949.
1140949
List the prime factors of 1120242.
2, 3, 186707
What are the prime factors of 936410?
2, 5, 29, 3229
List the prime factors of 100769.
100769
List the prime factors of 7306696.
2, 913337
List the prime factors of 5259077.
103, 51059
What are the prime factors of 236724?
2, 3, 19727
List the prime factors of 3231821.
3231821
List the prime factors of 1032410.
2, 5, 17, 6073
What are the prime factors of 2864724?
2, 3, 238727
List the prime factors of 682212.
2, 3, 139, 409
List the prime factors of 871985.
5, 73, 2389
List the prime factors of 7461768.
2, 3, 73, 4259
What are the prime factors of 384715?
5, 76943
List the prime factors of 441715.
5, 23, 167
What are the prime factors of 387187?
387187
List the prime factors of 2103642.
2, 3, 19, 6151
List the prime factors of 949614.
2, 3, 158269
What are the prime factors of 295586?
2, 147793
List the prime factors of 25546.
2, 53, 241
What are the prime factors of 20694024?
2, 3, 13, 22109
What are the prime factors of 5558589?
3, 719, 859
List the prime factors of 23179498.
2, 11589749
What are the prime factors of 13495785?
3, 5, 899719
What are the prime factors of 328?
2, 41
List the prime factors of 15638438.
2, 7819219
What are the prime factors of 7964532?
2, 3, 23, 9619
What are the prime factors of 47685?
3, 5, 11, 17
What are the prime factors of 11601463?
17, 682439
List the prime factors of 1215767.
7, 29, 53, 113
What are the prime factors of 3562215?
3, 5, 19, 29, 431
What are the prime factors of 551819?
41, 43, 313
List the prime factors of 32919187.
7, 23, 41, 4987
What are the prime factors of 126208?
2, 17, 29
What are the prime factors of 416424?
2, 3, 17351
List the prime factors of 16938143.
23, 736441
List the prime factors of 11918588.
2, 11, 37, 7321
What are the prime factors of 373705?
5, 31, 2411
What are the prime factors of 177713?
71, 2503
List the prime factors of 320524.
2, 227, 353
List the prime factors of 224728.
2, 7, 4013
What are the prime factors of 55552?
2, 7, 31
What are the prime factors of 69494?
2, 34747
What are the prime factors of 7373344?
2, 11, 20947
List the prime factors of 14513526.
2, 3, 397, 677
List the prime factors of 602257.
602257
List the prime factors of 91157.
11, 8287
What are the prime factors of 16957189?
16957189
What are the prime factors of 232831?
157, 1483
What are the prime factors of 30182606?
2, 15091303
What are the prime factors of 149467?
137, 1091
List the prime factors of 128230.
2, 5, 12823
What are the prime factors of 1455939?
3, 161771
List the prime factors of 640130.
2, 5, 64013
What are the prime factors of 2569997?
19, 23, 5881
List the prime factors of 545935.
5, 13, 37, 227
What are the prime factors of 28677220?
2, 5, 11, 13, 37, 271
What are the prime factors of 735093?
3, 81677
List the prime factors of 38462.
2, 19231
What are the prime factors of 6857464?
2, 71, 12073
What are the prime factors of 1612236?
2, 3, 134353
List the prime factors of 2852402.
2, 7, 73, 2791
List the prime factors of 319785.
3, 5, 21319
What are the prime factors of